14) to base 7.
11530
Convert 133314 (base 5) to base 8.
12523
Convert -3082 (base 9) to base 8.
-4325
Convert 305 (base 6) to base 8.
161
What is -36a7 (base 11) in base 13?
-2280
331120 (base 4) to base 3
12101111
What is -4066 (base 10) in base 5?
-112231
-1012011 (base 3) to base 12
-604
What is 233320 (base 5) in base 8?
20611
What is -50063 (base 7) in base 4?
-2330102
Convert 611 (base 11) to base 2.
1011100010
-2206 (base 9) to base 6
-11310
What is 497 (base 14) in base 8?
1625
6415 (base 7) to base 13
1054
Convert 621 (base 8) to base 6.
1505
-461 (base 13) to base 4
-23303
Convert -413 (base 8) to base 11.
-223
789 (base 13) to base 15
5b6
3332 (base 13) to base 15
21ae
Convert 438 (base 12) to base 8.
1154
What is 211012 (base 3) in base 15?
29e
What is -5933 (base 10) in base 13?
-2915
-321 (base 12) to base 3
-121221
What is -c6a4 (base 16) in base 2?
-1100011010100100
10445 (base 7) to base 11
1a81
11111110001 (base 2) to base 13
c05
-11110100 (base 2) to base 8
-364
What is 42340 (base 5) in base 13?
13ab
2072 (base 8) to base 9
1432
Convert 1446 (base 9) to base 3.
1111120
Convert -102202201 (base 3) to base 13.
-3b9b
What is -186 (base 13) in base 4?
-10113
What is 3635 (base 11) in base 10?
4757
886 (base 12) to base 9
1643
What is b721 (base 13) in base 2?
110001100100001
What is -271 (base 8) in base 16?
-b9
Convert -225 (base 12) to base 9.
-382
Convert 4853 (base 11) to base 16.
18ce
-2223 (base 5) to base 6
-1241
-201101002 (base 3) to base 13
-6575
-10213 (base 5) to base 15
-308
-1340 (base 7) to base 9
-635
Convert -231011 (base 4) to base 5.
-43020
Convert -52103 (base 6) to base 7.
-26160
Convert -274 (base 14) to base 7.
-1304
-514050 (base 6) to base 12
-1b926
Convert 4b0 (base 15) to base 4.
100221
What is -49d (base 16) in base 4?
-102131
What is 4436 (base 7) in base 5?
22340
What is -646 (base 13) in base 2?
-10000110000
1231212 (base 4) to base 9
10553
304003 (base 5) to base 9
14485
What is -2e0 (base 15) in base 5?
-10120
What is -a085 (base 15) in base 5?
-2041000
What is -1c9 (base 15) in base 14?
-218
What is 21221101 (base 3) in base 8?
13234
Convert 2013222 (base 5) to base 7.
163130
Convert 1994a (base 12) to base 14.
da0a
What is 1100110011100 (base 2) in base 9?
8884
Convert -387 (base 11) to base 12.
-322
7ba (base 16) to base 2
11110111010
What is 52a5 (base 12) in base 10?
9053
What is 1035b (base 14) in base 9?
58547
-3447 (base 13) to base 11
-5560
What is 1634 (base 9) in base 4?
103132
Convert -49b (base 16) to base 11.
-982
Convert -1a0 (base 15) to base 16.
-177
2212202 (base 3) to base 15
94e
What is 112252 (base 6) in base 13?
44b1
What is 4048 (base 12) in base 11?
5265
10100110010 (base 2) to base 5
20310
What is -837 (base 13) in base 9?
-1823
-200100211 (base 3) to base 14
-4c43
114 (base 6) to base 15
31
Convert 407 (base 8) to base 6.
1115
-16b5 (base 15) to base 8
-11437
-2331331 (base 5) to base 3
-2011121002
Convert 8 (base 11) to base 6.
12
-1ae1 (base 15) to base 7
-23005
What is -2850 (base 14) in base 12?
-415a
Convert -11100010111 (base 2) to base 10.
-1815
-1405 (base 13) to base 6
-21154
What is -10bb2 (base 12) in base 7?
-122315
323121 (base 5) to base 11
8323
Convert -3e8a (base 15) to base 5.
-412110
-110001101100 (base 2) to base 6
-22420
150150 (base 8) to base 4
31001220
What is 4414 (base 13) in base 10?
9481
-372 (base 12) to base 5
-4033
What is 20331 (base 4) in base 13?
351
Convert 54412 (base 8) to base 10.
22794
Convert -4537 (base 9) to base 8.
-6433
What is 62a (base 13) in base 15?
4a0
Convert 1610 (base 8) to base 13.
547
-14c (base 14) to base 3
-100210
Convert -29 (base 13) to base 7.
-50
What is -120 (base 6) in base 8?
-60
What is 120020 (base 3) in base 9?
506
Convert 13000 (base 6) to base 10.
1944
Convert -23404 (base 9) to base 5.
-1000022
What is 372 (base 8) in base 13?
163
417 (base 11) to base 3
200121
Convert 111022 (base 3) to base 6.
1355
Convert -3613 (base 11) to base 12.
-28a5
What is 730d (base 14) in base 16?
4d61
Convert b29 (base 13) to base 8.
3546
-343 (base 10) to base 3
-110201
Convert -650 (base 11) to base 10.
-781
What is 97a (base 12) in base 9?
1814
Convert -3d1 (base 14) to base 16.
-303
27 (base 16) to base 13
30
What is 110101011001 (base 2) in base 5?
102132
a20 (base 13) to base 9
2316
What is 146522 (base 7) in base 3?
1110102002
-3557 (base 10) to base 8
-6745
Convert 11011010 (base 2) to base 16.
da
What is 24dd (base 16) in base 14?
3621
What is 2033312 (base 4) in base 12?
53b2
Convert -510 (base 13) to base 2.
-1101011010
Convert 6478 (base 14) to base 4.
10033022
What is 239 (base 15) in base 3?
200200
-343365 (base 7) to base 16
-ef40
What is -9405 (base 10) in base 5?
-300110
-12042 (base 8) to base 6
-35510
Convert -111001100 (base 2) to base 15.
-20a
144501 (base 8) to base 16
c941
Convert -133444 (base 5) to base 13.
-2670
-62271 (base 8) to base 7
-135114
-3054 (base 6) to base 9
-837
b9d6 (base 16) to base 2
1011100111010110
What is 110000110111 (base 2) in base 12?
1987
-1995 (base 14) to base 10
-4639
What is 776 (base 8) in base 11?
424
Convert -5226 (base 8) to base 11.
-2044
10011100001101 (base 2) to base 7
41101
Convert 11d78 (base 15) to base 4.
31323032
What is 2012211 (base 3) in base 15?
72a
What is 110101110 (base 2) in base 11?
361
83 (base 9) to base 5
300
What is -1101100 (base 2) in base 12?
-90
12212201 (base 4) to base 7
141560
What is 1e31 (base 16) in base 6?
55441
Convert -c18 (base 13) to base 12.
-1229
What is 2d (base 16) in base 10?
45
546c (base 14) to base 7
60365
-3656 (base 7) to base 14
-6d6
Convert 894 (base 11) to base 13.
645
Convert -311 (base 5) to base 8.
-121
251105 (base 6) to base 13
a1b7
Convert 10220121 (base 3) to base 5.
42401
-194b (base 14) to base 4
-1013133
What is -14214 (base 8) in base 4?
-1202030
Convert 1211202 (base 3) to base 5.
20333
Convert -7203 (base 11) to base 9.
-14104
21b (base 15) to base 12
338
-586 (base 10) to base 12
-40a
Convert -14312 (base 9) to base 16.
-2603
Convert -7a96 (base 12) to base 14.
-4d90
224 (base 11) to base 14
152
Convert 10501 (base 6) to base 7.
4210
What is -5767 (base 8) in base 10?
-3063
What is 59d0 (base 14) in base 9?
23436
What is -5432 (base 9) in base 12?
-2392
Convert 1101111011 (base 2) to base 4.
31323
What is -314 (base 5) in base 4?
-1110
What is -245 (base 12) in base 13?
-203
What is -7042 (base 9) in base 11?
-3954
What is 111100 (base 2) in base 11?
55
403 (base 7) to base 4
3013
What is 597 (base 11) in base 7?
2034
1435 (base 8) to base 10
797
-12022 (base 4) to base 16
-18a
Convert 234 (base 13) to base 3.
112010
What is -110111322 (base 4) in base 16?
-1457a
1314 (base 7) to base 12
359
Convert 230 (base 11) to base 14.
159
What is -2342 (base 9) in base 2?
-11011001011
What is 202121 (base 3) in base 7?
1423
What is eb8a (base 16) in base 13?
215a4
What is 8a5 (base 11) in base 5?
13313
What is 10618 (base 11) in base 16?
3c1a
165 (base 12) to base 15
eb
Convert -1200 (base 5) to base 2.
-10101111
Convert -630 (base 12) to base 10.
-900
What is 6376 (base 8) in base 11?
2554
22110210 (base 3) to base 16
1821
Convert 112 (base 3) to base 15.
e
Convert -10000010100 (base 2) to base 12.
-730
What is -17441 (base 8) in base 13?
-3820
Convert -30023 (base 4) to base 6.
-3335
What is 1873 (base 9) in base 16?
5a3
11bd9 (base 14) to base 7
240562
91aa (base 13) to base 7
112356
-8913 (base 10) to base 14
-3369
Convert 1510 (base 7) to base 6.
2431
Convert -637 (base 8) to base 16.
-19f
Convert -6c28 (base 16) to base 11.
-19891
What is 207 (base 9) in base 2?
10101001
Convert 69a7 (base 13) to base 6.
152412
What is 11110001110 (base 2) in base 3?
2122122
Convert -269 (base 15) to base 2.
-1000100101
174 (base 13) to base 12
1a0
What is -1994 (base 10) in base 2?
-11111001010
What is -1d99 (base 16) in base 14?
-2a93
What is 14473 (base 12) in base 15?
85c6
What is -66660 (base 7) in base 2?
-100000110100000
Convert -144b (base 16) to base 6.
-40015
20303232 (base 4) to base 12
18a66
What is -210001 (base 3) in base 14?
-2c8
What is 140 (base 6) in base 3?
2020
Convert 16276 (base 9) to base 15.
3496
-1322023 (base 4) to base 16
-1e8b
-685 (base 9) to base 4
-20303
102630 (base 7) to base 9
26376
Co